te the highest common divisor of i and 6.
3
Let q be 4 - (-5 + 3)*6. What is the highest common factor of 80 and q?
16
Let o(c) = c**3 - 13*c**2 + 11*c + 18. Let b be o(12). Calculate the greatest common divisor of 42 and b.
6
Let k = 43 + 20. Calculate the highest common divisor of k and 9.
9
Let z be 9*-22*(15/18 + -1). Calculate the greatest common factor of 11 and z.
11
Let c(g) = 2*g + 10. Suppose 2*u + 3*n + 17 + 12 = 0, 0 = 4*u + 5*n + 53. Let k be c(u). Let b = 11 - k. Calculate the highest common divisor of 5 and b.
5
Suppose 4*d = -d - 245. Suppose -b = 4*i - 65, 5*b - 263 = 2*b + 5*i. Let a = b + d. What is the highest common divisor of a and 4?
4
Suppose 20*n = 14*n + 1248. What is the highest common factor of 26 and n?
26
Suppose -4*j = 4*x - 104, -6*j - 2*x = -3*j - 76. Let i be 9 - ((-1 - -3) + -1). Calculate the highest common factor of j and i.
8
Suppose 12 = -0*x + x + i, 4*x - 5*i - 30 = 0. Suppose -2*t + 38 = 4*l - 4*t, -45 = -4*l - 5*t. Calculate the greatest common divisor of l and x.
10
Let x be 17 - (3 - 0) - 1*-2. Calculate the greatest common divisor of x and 24.
8
Suppose 3*i + 8*v = 3*v + 299, -3*i + 2*v + 292 = 0. Let q be 1/(1 - 2) + 43. Suppose -q = -0*b - 3*b. What is the highest common factor of b and i?
14
Let h = 9 + -4. Suppose -4*z = -i - i + 4, 0 = i + z - 8. Let k(l) = -l**3 + 6*l**2 + 2*l - 2. Let s be k(i). What is the highest common factor of h and s?
5
Suppose 10*n + 24*n = 714. Suppose 2*c - 7 = c. What is the highest common divisor of n and c?
7
Suppose 2*a = 3*c + 12, a + 2*c + 19 = 6*a. What is the highest common divisor of a and 3?
3
Suppose -9*q = -8*q - 51. What is the greatest common factor of 17 and q?
17
Let y(t) = t + 3. Let h be y(-3). Suppose h*b + 4*b = 120. What is the highest common divisor of 12 and b?
6
Let m(j) = -j**3 - 2*j**2 + 4*j + 2. Suppose -7*r + 2*r - 20 = 0. Let c be m(r). Calculate the greatest common divisor of c and 72.
18
Suppose -22 - 12 = -2*y. Let i(h) = h**2 + 8*h + 9. Let d be i(-6). Let v = d + y. What is the highest common factor of v and 14?
14
Let l be (6/5)/((-4)/(-50)). What is the greatest common divisor of 10 and l?
5
Let u(k) = 10*k + 2. Let j be u(4). Suppose 4 = -0*h + h. Let n = 25 - h. Calculate the greatest common divisor of j and n.
21
Suppose -2*a + 15 = 3*a. Let k be (-256)/(-24) + 1/a. Suppose -f + 3*h = -k, 0 = -5*f - 3*h + h + 89. Calculate the greatest common divisor of f and 85.
17
Let q = -72 - -107. What is the highest common factor of q and 70?
35
Let j(f) = f**3 - 2*f**2 + 2*f + 1. Let m be j(2). Suppose 5*n - 351 = -2*l, 6*n - 2*n - m*l = 261. Calculate the highest common factor of 23 and n.
23
Let a be 40/15*(-3)/(-2). Let s(x) = -2*x - 5. Let d(q) = -q - 5. Let p(b) = -3*d(b) + 2*s(b). Let r be p(a). Calculate the highest common divisor of 9 and r.
1
Suppose -2*g + 10 = 0, -6*h + 3*h + 30 = 3*g. Let w be 14/2 + 9/(-3). Suppose h*j = w*j + 10. Calculate the highest common factor of 110 and j.
10
Let q(s) be the second derivative of s**4/4 + s**2/2 - 7*s. Let l be q(1). Calculate the greatest common divisor of 10 and l.
2
Let u be 201 - (48/(-4))/(-4). What is the greatest common factor of 18 and u?
18
Let n(h) = -3*h - 9. Let g be n(-4). What is the greatest common factor of 15 and g?
3
Suppose q - 1 = -f + 4*q, -q = 2*f - 9. Suppose 16 = 3*o - 14. Let c = 14 - o. Calculate the greatest common factor of f and c.
4
Let d be 1/2 - 5/(-2). Let o be (4 - -1)*96/20. Calculate the highest common factor of d and o.
3
Suppose 0 = -u + 8*u - 462. What is the highest common divisor of 22 and u?
22
Let v = 9 + -6. Suppose 5*l - 4*i = -105 + 258, 0 = -5*l + i + 162. What is the highest common divisor of v and l?
3
Suppose -4*x = 5*k - 15, -2*k + 2*x + 9 = k. Calculate the greatest common factor of k and 21.
3
Let u be 206/3 - 3/(-9). Suppose 1 + u = 5*g. What is the greatest common divisor of 35 and g?
7
Let d be 153*1 - 6/(-2). Let i = d - 104. Calculate the highest common divisor of i and 13.
13
Let a(v) = -v**2 + 13*v - 22. Let c be a(7). Calculate the highest common divisor of 8 and c.
4
Let k(m) = -m**3 - 3*m**2 + 5*m + 1. Let a be k(-4). Let f be (176/4)/4 - a. What is the highest common factor of f and 70?
14
Suppose 4*w + 1 = 3*w. Let j = w + 1. Suppose j = 2*b - 122 - 54. Calculate the highest common divisor of b and 11.
11
Let a = 412 - 141. Let k = a - 71. Suppose 0 = -2*w + 7*w - 125. Calculate the greatest common divisor of w and k.
25
Let b(w) = w + 0*w**2 + w**3 - 5*w**2 - 5 + 1 + 3*w. Let y be b(5). Calculate the highest common factor of 112 and y.
16
Suppose -2*z + 2 + 2 = 0. Suppose -10 = 3*s - 5*d, -4*s + 9*s = -z*d + 35. What is the highest common divisor of s and 25?
5
Let l be (20/(-3))/(2/(-24)). What is the highest common factor of 32 and l?
16
Suppose 21 = -4*v + 153. Suppose z - v = -2*z. Suppose 1 + 1 = 2*o. Calculate the highest common factor of o and z.
1
Let l = 138 - 134. What is the highest common factor of l and 8?
4
Let l be 771/15 + 4/(-10). Suppose -356 + 84 = -8*g. Calculate the highest common factor of g and l.
17
Suppose 136 = -11*n + 15*n. Suppose -3 - 27 = -5*l - q, l = 3*q - 10. Suppose 0 = -l*z - 19 + 444. What is the greatest common factor of z and n?
17
Suppose -2*p = -5*i + 3*p + 145, 5*i = 2*p + 154. Calculate the highest common divisor of i and 96.
32
Let y(h) = -5*h**3 - 6*h**2 - 10*h + 4. Let c be y(-2). Let t(d) = -2*d - 2. Let f be t(-5). Calculate the greatest common factor of c and f.
8
Let i(z) = 2*z**2 + 2*z. Let n be i(-2). Suppose n*k - 5*k + 45 = 0. Calculate the greatest common divisor of k and 18.
9
Let a be (4 - 3)*4 + -2. Suppose -4*r = -4*l - 36, l = a*r - 0*r - 14. Let g = l - -6. What is the highest common divisor of g and 14?
2
Let g(r) = r + 1. Let x(p) = 9*p + 27. Let w(b) = -18*g(b) + x(b). Let u be w(-10). Calculate the highest common divisor of 11 and u.
11
Suppose 9*p + 66 = 11*p. What is the greatest common divisor of p and 231?
33
Suppose -2*v + 61 = d, -4*d + 270 = 2*v - 7*v. Let w = 3 - 5. Let s(r) = 7*r**2 + 2*r + 2. Let q be s(w). What is the greatest common divisor of d and q?
13
Let r(i) = 2*i - 9. Let n be r(6). Calculate the highest common divisor of 21 and n.
3
Suppose -5*z + 20 = 0, -a - 2 = -0*a - z. Suppose a*k + w = 43, 2*w + 1 - 3 = 0. What is the greatest common factor of k and 63?
21
Let v(l) = -2*l + 22. Let n be v(8). What is the greatest common divisor of n and 12?
6
Suppose -q + 0*p - 3 = -p, -2*p = -10. What is the greatest common factor of 6 and q?
2
Let t = -11 - -9. Let l be t/7 + 2256/56. What is the greatest common factor of l and 10?
10
Let k(t) = -t**2 + 19*t - 20. Let x be k(14). Calculate the greatest common factor of x and 10.
10
Let k be (6/4)/((-20)/(-80)). Calculate the highest common factor of 6 and k.
6
Let d = 222 - 145. Suppose -5*y - 94 = 16. Let n be (-2)/4*1*y. Calculate the highest common factor of n and d.
11
Suppose 16 = -w - 18. Let d be (-4)/10 - w/10. Let f be (-38)/(-4)*(-1 + d). Calculate the greatest common divisor of 152 and f.
19
Suppose 2 = -2*n - 0. Let p be (-453)/(-12) - n/4. Let r = p - 26. What is the highest common factor of 6 and r?
6
Suppose d - 7*d + 90 = 0. What is the greatest common factor of 30 and d?
15
Let c(i) = i**2 - 17*i - 1. Let l be c(18). What is the highest common factor of l and 187?
17
Suppose -5*y + 6*y = -4*i + 724, 3*y + 12 = 0. What is the highest common factor of 26 and i?
26
Suppose 2*g - 16 = 2. Suppose 0 = -3*w + 236 - 47. Calculate the greatest common factor of w and g.
9
Suppose 0 = 13*a - 12*a - 2. What is the greatest common divisor of 5 and a?
1
Suppose 0*j + 3*n + 162 = 5*j, 0 = -3*n - 12. Suppose 5*y = 2*f - 9, 0 = 2*f - y - 2*y - 15. Calculate the greatest common factor of j and f.
6
Let o be 2/(-10) + (-243)/(-15) - 1. Calculate the greatest common divisor of 165 and o.
15
Let d be (-172)/(-14) + (-2)/7. Suppose -8 = 3*f + 7. Let x(y) = -y - 1. Let u be x(f). Calculate the greatest common factor of u and d.
4
Suppose 3*n - 15 = 2*q, 2*q = -q. Let m = n + -3. Suppose -5*z + 85 = m*h, 2*z + 4*h = -h + 34. What is the greatest common divisor of z and 17?
17
Let y(a) = a - 6. Suppose 0 = -2*j + 16. Let r be y(j). What is the greatest common factor of r and 14?
2
Suppose 0 = -2*o + 